{"id":9033,"date":"2024-05-24T12:44:35","date_gmt":"2024-05-24T12:44:35","guid":{"rendered":"https:\/\/er-c.org\/?page_id=9033"},"modified":"2025-03-09T16:30:07","modified_gmt":"2025-03-09T16:30:07","slug":"euroschool_registration","status":"publish","type":"page","link":"https:\/\/er-c.org\/index.php\/conferences\/euroschool\/euroschool_registration\/","title":{"rendered":"Euroschool Registration"},"content":{"rendered":"\n<figure class=\"wp-block-image size-large is-resized ticss-b9ff5d10\"><a href=\"https:\/\/www.ecmetac.eu\/\" target=\"_blank\" rel=\"noreferrer noopener\"><img loading=\"lazy\" decoding=\"async\" width=\"1024\" height=\"340\" src=\"https:\/\/er-c.org\/wp-content\/uploads\/2024\/07\/12-1024x340.png\" alt=\"\" class=\"wp-image-9363\" style=\"width:1200px\" srcset=\"https:\/\/er-c.org\/wp-content\/uploads\/2024\/07\/12-1024x340.png 1024w, https:\/\/er-c.org\/wp-content\/uploads\/2024\/07\/12-300x100.png 300w, https:\/\/er-c.org\/wp-content\/uploads\/2024\/07\/12-768x255.png 768w, https:\/\/er-c.org\/wp-content\/uploads\/2024\/07\/12-1536x510.png 1536w, https:\/\/er-c.org\/wp-content\/uploads\/2024\/07\/12-2048x680.png 2048w\" sizes=\"auto, (max-width: 1024px) 100vw, 1024px\" \/><\/a><\/figure>\n\n\n<div\n\t\t\t\n\t\t\tclass=\"so-widget-sow-headline so-widget-sow-headline-default-feea9c97c678\"\n\t\t\t\n\t\t><div class=\"sow-headline-container \">\n\t\t\t\t\t\t\t<h1 class=\"sow-headline\">\n\t\t\t\t\t\tRegistration\t\t\t\t\t\t<\/h1>\n\t\t\t\t\t\t\t\t\t\t\t\t<h3 class=\"sow-sub-headline\">\n\t\t\t\t\t\tCLOSED\t\t\t\t\t\t<\/h3>\n\t\t\t\t\t\t\t\t\t\t\t<div class=\"decoration\">\n\t\t\t\t\t\t<div class=\"decoration-inside\"><\/div>\n\t\t\t\t\t<\/div>\n\t\t\t\t\t<\/div>\n<\/div>\n\n\n<div style=\"height:10px\" aria-hidden=\"true\" class=\"wp-block-spacer\"><\/div>\n\n\n\n<h3 style=\"text-align: center;\">General Information<\/h3>\n<p style=\"text-align: center;\">The conference fee includes participation, lunches, and coffee breaks from November 4th to Novembr 8th plus Lab tour in the Research Centre.<\/p>\n<p style=\"text-align: center;\">On Sunday, November 3rd, 2024 at 16:00 a bus transfer will be provided from J\u00fclich main station (J\u00fclich, Bahnhofstra\u00dfe) to the Jufa Hotel. <br \/>During the Euroschool, daily transfers from the JUFA Hotel to the Forschungszentrum will be provided (November 4th to November 8th). Transfer times will be announced later.<\/p>\n<p style=\"text-align: center;\">Further information for public transport to the Forschungszentrum:<br \/><a href=\"https:\/\/www.fz-juelich.de\/en\/about-us\/contact-visitor-information\/how-to-reach-us\">https:\/\/www.fz-juelich.de\/en\/about-us\/contact-visitor-information\/how-to-reach-us<\/a><\/p>\n<p style=\"text-align: center;\"><span style=\"color: #ff0000;\"><strong>PLEASE NOTE<\/strong><\/span><br \/><span style=\"color: #ff0000;\">Hotel capacities for young scientists are limited and will be provided on a first-come-first-serve basis.<br \/>The total participant capacity is limited. If the maximum number or participants is reached, registration might close earlier than noted here. <br \/><\/span><\/p>\n<hr \/>\n<h3 style=\"text-align: center;\">Contact<\/h3>\n<p style=\"text-align: center;\">For further questions please contact our local support: <a href=\"mailto:m.goecking@fz-juelich.de\">Marie G\u00f6cking<\/a><\/p>\n<hr \/>\n<p>\u00a0<\/p>\n\n\n\n<div style=\"height:50px\" aria-hidden=\"true\" class=\"wp-block-spacer\"><\/div>\n\n\n\n<div style=\"height:20px\" aria-hidden=\"true\" class=\"wp-block-spacer\"><\/div>\n\n\n","protected":false},"excerpt":{"rendered":"<p>Registration<\/p>\n","protected":false},"author":2,"featured_media":7579,"parent":8992,"menu_order":0,"comment_status":"closed","ping_status":"closed","template":"page-templates\/pagebuilder.php","meta":{"_themeisle_gutenberg_block_has_review":false,"footnotes":""},"class_list":["post-9033","page","type-page","status-publish","has-post-thumbnail","hentry"],"_links":{"self":[{"href":"https:\/\/er-c.org\/index.php\/wp-json\/wp\/v2\/pages\/9033","targetHints":{"allow":["GET"]}}],"collection":[{"href":"https:\/\/er-c.org\/index.php\/wp-json\/wp\/v2\/pages"}],"about":[{"href":"https:\/\/er-c.org\/index.php\/wp-json\/wp\/v2\/types\/page"}],"author":[{"embeddable":true,"href":"https:\/\/er-c.org\/index.php\/wp-json\/wp\/v2\/users\/2"}],"replies":[{"embeddable":true,"href":"https:\/\/er-c.org\/index.php\/wp-json\/wp\/v2\/comments?post=9033"}],"version-history":[{"count":28,"href":"https:\/\/er-c.org\/index.php\/wp-json\/wp\/v2\/pages\/9033\/revisions"}],"predecessor-version":[{"id":9994,"href":"https:\/\/er-c.org\/index.php\/wp-json\/wp\/v2\/pages\/9033\/revisions\/9994"}],"up":[{"embeddable":true,"href":"https:\/\/er-c.org\/index.php\/wp-json\/wp\/v2\/pages\/8992"}],"wp:featuredmedia":[{"embeddable":true,"href":"https:\/\/er-c.org\/index.php\/wp-json\/wp\/v2\/media\/7579"}],"wp:attachment":[{"href":"https:\/\/er-c.org\/index.php\/wp-json\/wp\/v2\/media?parent=9033"}],"curies":[{"name":"wp","href":"https:\/\/api.w.org\/{rel}","templated":true}]}}