{"id":6211,"date":"2023-04-16T19:01:51","date_gmt":"2023-04-16T19:01:51","guid":{"rendered":"https:\/\/er-c.org\/?page_id=6211"},"modified":"2025-06-25T15:33:43","modified_gmt":"2025-06-25T15:33:43","slug":"cryo-em-applications","status":"publish","type":"page","link":"https:\/\/er-c.org\/index.php\/facilities-2\/life-science\/cryo-electron-microscopy-facility\/cryo-em-applications\/","title":{"rendered":"Cryo-EM Applications"},"content":{"rendered":"\n<figure class=\"wp-block-image size-large is-resized ticss-ac2ac971\"><img loading=\"lazy\" decoding=\"async\" width=\"1024\" height=\"152\" src=\"https:\/\/er-c.org\/wp-content\/uploads\/2023\/04\/Cryo-EM-panorama-1024x152.png\" alt=\"\" class=\"wp-image-6064\" style=\"width:1200px;height:undefinedpx\" srcset=\"https:\/\/er-c.org\/wp-content\/uploads\/2023\/04\/Cryo-EM-panorama-1024x152.png 1024w, https:\/\/er-c.org\/wp-content\/uploads\/2023\/04\/Cryo-EM-panorama-300x45.png 300w, https:\/\/er-c.org\/wp-content\/uploads\/2023\/04\/Cryo-EM-panorama-768x114.png 768w, https:\/\/er-c.org\/wp-content\/uploads\/2023\/04\/Cryo-EM-panorama-1536x228.png 1536w, https:\/\/er-c.org\/wp-content\/uploads\/2023\/04\/Cryo-EM-panorama-2048x305.png 2048w\" sizes=\"auto, (max-width: 1024px) 100vw, 1024px\" \/><\/figure>\n\n\n<div\n\t\t\t\n\t\t\tclass=\"so-widget-sow-headline so-widget-sow-headline-default-e68cdc7fd8ad\"\n\t\t\t\n\t\t><div class=\"sow-headline-container \">\n\t\t\t\t\t\t\t<h1 class=\"sow-headline\">\n\t\t\t\t\t\tCryo-EM applications\t\t\t\t\t\t<\/h1>\n\t\t\t\t\t\t<\/div>\n<\/div>\t\t\t\t<style type=\"text\/css\">.so-widget-sow-headline-default-e68cdc7fd8ad .sow-headline-container h1.sow-headline {\n  \n  text-align: center;\n  color: #023d6b;\n  line-height: 1.4em;\n  \n  \n  \n}\n@media (max-width: 780px) {\n  .so-widget-sow-headline-default-e68cdc7fd8ad .sow-headline-container h1.sow-headline {\n    text-align: center;\n  }\n}\n.so-widget-sow-headline-default-e68cdc7fd8ad .sow-headline-container h1.sow-headline a {\n  color: #023d6b;\n}\n.so-widget-sow-headline-default-e68cdc7fd8ad .sow-headline-container h3.sow-sub-headline {\n  \n  text-align: center;\n  \n  line-height: 1.4em;\n  \n  \n  \n}\n@media (max-width: 780px) {\n  .so-widget-sow-headline-default-e68cdc7fd8ad .sow-headline-container h3.sow-sub-headline {\n    text-align: center;\n  }\n}\n.so-widget-sow-headline-default-e68cdc7fd8ad .sow-headline-container .decoration {\n  line-height: 0em;\n  text-align: center;\n  margin-top: 20px;\n  margin-bottom: 20px;\n}\n@media (max-width: 780px) {\n  .so-widget-sow-headline-default-e68cdc7fd8ad .sow-headline-container .decoration {\n    text-align: center;\n  }\n}\n.so-widget-sow-headline-default-e68cdc7fd8ad .sow-headline-container .decoration .decoration-inside {\n  height: 1px;\n  display: inline-block;\n  border-top: 1px none #023d6b;\n  width: 100%;\n  max-width: 100%;\n}\n.so-widget-sow-headline-default-e68cdc7fd8ad .sow-headline-container *:first-child {\n  margin-top: 0 !important;\n}\n.so-widget-sow-headline-default-e68cdc7fd8ad .sow-headline-container *:last-child {\n  margin-bottom: 0 !important;\n}<\/style>\n\t\t\t\t\n\n\n<hr>\n<p style=\"text-align: center;\">The Ernst Ruska-Centre cryo-EM user facility is offering technical and scientific support to our academic and industrial users in EM methodologies. We provide access to the complete pipeline from sample preparation to image acquisition on state-of-the-art cryo-electron microscopes. Experienced users can operate the devices with minimal supervision and we will also teach and train new users to be independent. Some of the typical application cases are listed below. Reach out to us to learn more about our booking process and how we can assist you in your research endeavors.<\/p>\n\n\n<div\n\t\t\t\n\t\t\tclass=\"so-widget-sow-button so-widget-sow-button-flat-c19dffc057c8\"\n\t\t\t\n\t\t><div class=\"ow-button-base ow-button-align-center\"\n>\n\t\t\t<a\n\t\t\t\t\thref=\"https:\/\/er-c.org\/index.php\/contact\/\"\n\t\t\t\t\tclass=\"sowb-button ow-icon-placement-left ow-button-hover\" \t>\n\t\t<span>\n\t\t\t\n\t\t\tContact us\t\t<\/span>\n\t\t\t<\/a>\n\t<\/div>\n<\/div>\t\t\t\t<style type=\"text\/css\">.so-widget-sow-button-flat-c19dffc057c8 .ow-button-base {\n  zoom: 1;\n}\n.so-widget-sow-button-flat-c19dffc057c8 .ow-button-base:before {\n  content: '';\n  display: block;\n}\n.so-widget-sow-button-flat-c19dffc057c8 .ow-button-base:after {\n  content: '';\n  display: table;\n  clear: both;\n}\n@media (max-width: 780px) {\n  .so-widget-sow-button-flat-c19dffc057c8 .ow-button-base.ow-button-align-center {\n    text-align: center;\n  }\n  .so-widget-sow-button-flat-c19dffc057c8 .ow-button-base.ow-button-align-center.ow-button-align-justify .sowb-button {\n    display: inline-block;\n  }\n}\n.so-widget-sow-button-flat-c19dffc057c8 .ow-button-base .sowb-button {\n  -ms-box-sizing: border-box;\n  -moz-box-sizing: border-box;\n  -webkit-box-sizing: border-box;\n  box-sizing: border-box;\n  -webkit-border-radius: 0.25em 0.25em 0.25em 0.25em;\n  -moz-border-radius: 0.25em 0.25em 0.25em 0.25em;\n  border-radius: 0.25em 0.25em 0.25em 0.25em;\n  background: #023d6b;\n  border-width: 1px 0;\n  border: 1px solid #023d6b;\n  color: #ffffff !important;\n  font-size: 1em;\n  \n  padding: 1em;\n  text-shadow: 0 1px 0 rgba(0, 0, 0, 0.05);\n  padding-inline: 2em;\n}\n.so-widget-sow-button-flat-c19dffc057c8 .ow-button-base .sowb-button.ow-button-hover:active,\n.so-widget-sow-button-flat-c19dffc057c8 .ow-button-base .sowb-button.ow-button-hover:hover {\n  background: #f5f5f5;\n  border-color: #f5f5f5;\n  color: #ffffff !important;\n}<\/style>\n\t\t\t\t\n\n\n<hr>\n\n\n\n<div style=\"height:20px\" aria-hidden=\"true\" class=\"wp-block-spacer\"><\/div>\n\n\n<div id=\"pl-gb6211-69e4e4d281e4e\"  class=\"panel-layout wp-block-siteorigin-panels-layout-block panel-layout\" ><div id=\"pg-gb6211-69e4e4d281e4e-0\"  class=\"panel-grid panel-has-style\" ><div class=\"panel-row-style panel-row-style-for-gb6211-69e4e4d281e4e-0\" ><div id=\"pgc-gb6211-69e4e4d281e4e-0-0\"  class=\"panel-grid-cell\" ><div id=\"panel-gb6211-69e4e4d281e4e-0-0-0\" class=\"so-panel widget widget_sow-image panel-first-child widgetopts-SO\" data-index=\"0\" ><div\n\t\t\t\n\t\t\tclass=\"so-widget-sow-image so-widget-sow-image-default-113ccd71f3e6-6211\"\n\t\t\t\n\t\t>\n<div class=\"sow-image-container\">\n\t\t\t<a href=\"https:\/\/er-c.org\/index.php\/facilities-2\/life-science\/cryo-electron-microscopy-facility\/cryo-em-applications\/sample-visualization\/\"\n\t\t\t\t\t>\n\t\t\t<img \n\tsrc=\"https:\/\/er-c.org\/wp-content\/uploads\/2023\/05\/Sample-Visualization-300x226.png\" width=\"300\" height=\"226\" srcset=\"https:\/\/er-c.org\/wp-content\/uploads\/2023\/05\/Sample-Visualization-300x226.png 300w, https:\/\/er-c.org\/wp-content\/uploads\/2023\/05\/Sample-Visualization.png 423w\" sizes=\"(max-width: 300px) 100vw, 300px\" title=\"Sample Visualization\" alt=\"\" \t\tclass=\"so-widget-image\"\/>\n\t\t\t<\/a><\/div>\n\n<\/div><\/div><div id=\"panel-gb6211-69e4e4d281e4e-0-0-1\" class=\"so-panel widget widget_sow-editor widgetopts-SO\" data-index=\"1\" ><div class=\"panel-widget-style panel-widget-style-for-gb6211-69e4e4d281e4e-0-0-1\" ><div\n\t\t\t\n\t\t\tclass=\"so-widget-sow-editor so-widget-sow-editor-base\"\n\t\t\t\n\t\t>\n<div class=\"siteorigin-widget-tinymce textwidget\">\n\t<h2 style=\"text-align: center;\"><a href=\"https:\/\/er-c.org\/index.php\/facilities-2\/life-science\/cryo-electron-microscopy-facility\/cryo-em-applications\/sample-visualization\/\">Sample<br \/>\nvisualization<\/a><\/h2>\n<\/div>\n<\/div><\/div><\/div><div id=\"panel-gb6211-69e4e4d281e4e-0-0-2\" class=\"so-panel widget widget_sow-button panel-last-child widgetopts-SO\" data-index=\"2\" ><div class=\"panel-widget-style panel-widget-style-for-gb6211-69e4e4d281e4e-0-0-2\" ><div\n\t\t\t\n\t\t\tclass=\"so-widget-sow-button so-widget-sow-button-flat-a7086b7bc98e-6211\"\n\t\t\t\n\t\t><div class=\"ow-button-base ow-button-align-center\"\n>\n\t\t\t<a\n\t\t\t\t\thref=\"https:\/\/er-c.org\/index.php\/facilities-2\/life-science\/cryo-electron-microscopy-facility\/cryo-em-applications\/sample-visualization\/\"\n\t\t\t\t\tclass=\"sowb-button ow-icon-placement-left ow-button-hover\" \t>\n\t\t<span>\n\t\t\t\n\t\t\tRead more\t\t<\/span>\n\t\t\t<\/a>\n\t<\/div>\n<\/div><\/div><\/div><\/div><div id=\"pgc-gb6211-69e4e4d281e4e-0-1\"  class=\"panel-grid-cell\" ><div id=\"panel-gb6211-69e4e4d281e4e-0-1-0\" class=\"so-panel widget widget_sow-image panel-first-child widgetopts-SO\" data-index=\"3\" ><div\n\t\t\t\n\t\t\tclass=\"so-widget-sow-image so-widget-sow-image-default-113ccd71f3e6-6211\"\n\t\t\t\n\t\t>\n<div class=\"sow-image-container\">\n\t\t\t<a href=\"https:\/\/er-c.org\/index.php\/facilities-2\/life-science\/cryo-electron-microscopy-facility\/cryo-em-applications\/single-particle-acquisition\/\"\n\t\t\t\t\t>\n\t\t\t<img \n\tsrc=\"https:\/\/er-c.org\/wp-content\/uploads\/2023\/05\/Single-particle-acquisition-neu-1-300x225.png\" width=\"300\" height=\"225\" srcset=\"https:\/\/er-c.org\/wp-content\/uploads\/2023\/05\/Single-particle-acquisition-neu-1-300x225.png 300w, https:\/\/er-c.org\/wp-content\/uploads\/2023\/05\/Single-particle-acquisition-neu-1-1024x768.png 1024w, https:\/\/er-c.org\/wp-content\/uploads\/2023\/05\/Single-particle-acquisition-neu-1-768x576.png 768w, https:\/\/er-c.org\/wp-content\/uploads\/2023\/05\/Single-particle-acquisition-neu-1.png 1067w\" sizes=\"(max-width: 300px) 100vw, 300px\" title=\"Sample Visualization\" alt=\"\" \t\tclass=\"so-widget-image\"\/>\n\t\t\t<\/a><\/div>\n\n<\/div><\/div><div id=\"panel-gb6211-69e4e4d281e4e-0-1-1\" class=\"so-panel widget widget_sow-editor widgetopts-SO\" data-index=\"4\" ><div class=\"panel-widget-style panel-widget-style-for-gb6211-69e4e4d281e4e-0-1-1\" ><div\n\t\t\t\n\t\t\tclass=\"so-widget-sow-editor so-widget-sow-editor-base\"\n\t\t\t\n\t\t>\n<div class=\"siteorigin-widget-tinymce textwidget\">\n\t<h2 style=\"text-align: center;\"><a href=\"https:\/\/er-c.org\/index.php\/facilities-2\/life-science\/cryo-electron-microscopy-facility\/cryo-em-applications\/single-particle-acquisition\/\">Single particle<br \/>\nacquisition<\/a><\/h2>\n<\/div>\n<\/div><\/div><\/div><div id=\"panel-gb6211-69e4e4d281e4e-0-1-2\" class=\"so-panel widget widget_sow-button panel-last-child widgetopts-SO\" data-index=\"5\" ><div class=\"panel-widget-style panel-widget-style-for-gb6211-69e4e4d281e4e-0-1-2\" ><div\n\t\t\t\n\t\t\tclass=\"so-widget-sow-button so-widget-sow-button-flat-a7086b7bc98e-6211\"\n\t\t\t\n\t\t><div class=\"ow-button-base ow-button-align-center\"\n>\n\t\t\t<a\n\t\t\t\t\thref=\"https:\/\/er-c.org\/index.php\/facilities-2\/life-science\/cryo-electron-microscopy-facility\/cryo-em-applications\/single-particle-acquisition\/\"\n\t\t\t\t\tclass=\"sowb-button ow-icon-placement-left ow-button-hover\" \t>\n\t\t<span>\n\t\t\t\n\t\t\tRead more\t\t<\/span>\n\t\t\t<\/a>\n\t<\/div>\n<\/div><\/div><\/div><\/div><div id=\"pgc-gb6211-69e4e4d281e4e-0-2\"  class=\"panel-grid-cell\" ><div id=\"panel-gb6211-69e4e4d281e4e-0-2-0\" class=\"so-panel widget widget_sow-image panel-first-child widgetopts-SO\" data-index=\"6\" ><div\n\t\t\t\n\t\t\tclass=\"so-widget-sow-image so-widget-sow-image-default-113ccd71f3e6-6211\"\n\t\t\t\n\t\t>\n<div class=\"sow-image-container\">\n\t\t\t<a href=\"https:\/\/er-c.org\/index.php\/facilities-2\/life-science\/cryo-electron-microscopy-facility\/cryo-em-applications\/tomography-acquisition\/\"\n\t\t\t\t\t>\n\t\t\t<img \n\tsrc=\"https:\/\/er-c.org\/wp-content\/uploads\/2023\/05\/Tomography-acquisition-300x225.png\" width=\"300\" height=\"225\" srcset=\"https:\/\/er-c.org\/wp-content\/uploads\/2023\/05\/Tomography-acquisition-300x225.png 300w, https:\/\/er-c.org\/wp-content\/uploads\/2023\/05\/Tomography-acquisition.png 374w\" sizes=\"(max-width: 300px) 100vw, 300px\" title=\"Sample Visualization\" alt=\"\" \t\tclass=\"so-widget-image\"\/>\n\t\t\t<\/a><\/div>\n\n<\/div><\/div><div id=\"panel-gb6211-69e4e4d281e4e-0-2-1\" class=\"so-panel widget widget_sow-editor widgetopts-SO\" data-index=\"7\" ><div class=\"panel-widget-style panel-widget-style-for-gb6211-69e4e4d281e4e-0-2-1\" ><div\n\t\t\t\n\t\t\tclass=\"so-widget-sow-editor so-widget-sow-editor-base\"\n\t\t\t\n\t\t>\n<div class=\"siteorigin-widget-tinymce textwidget\">\n\t<h2 style=\"text-align: center;\"><a href=\"https:\/\/er-c.org\/index.php\/facilities-2\/life-science\/cryo-electron-microscopy-facility\/cryo-em-applications\/tomography-acquisition\/\">Tomography<br \/>\nacquisition<\/a><\/h2>\n<\/div>\n<\/div><\/div><\/div><div id=\"panel-gb6211-69e4e4d281e4e-0-2-2\" class=\"so-panel widget widget_sow-button panel-last-child widgetopts-SO\" data-index=\"8\" ><div class=\"panel-widget-style panel-widget-style-for-gb6211-69e4e4d281e4e-0-2-2\" ><div\n\t\t\t\n\t\t\tclass=\"so-widget-sow-button so-widget-sow-button-flat-a7086b7bc98e-6211\"\n\t\t\t\n\t\t><div class=\"ow-button-base ow-button-align-center\"\n>\n\t\t\t<a\n\t\t\t\t\thref=\"https:\/\/er-c.org\/index.php\/facilities-2\/life-science\/cryo-electron-microscopy-facility\/cryo-em-applications\/tomography-acquisition\/\"\n\t\t\t\t\tclass=\"sowb-button ow-icon-placement-left ow-button-hover\" \t>\n\t\t<span>\n\t\t\t\n\t\t\tRead more\t\t<\/span>\n\t\t\t<\/a>\n\t<\/div>\n<\/div><\/div><\/div><\/div><\/div><\/div><\/div>\n\n\n<div style=\"height:20px\" aria-hidden=\"true\" class=\"wp-block-spacer\"><\/div>\n\n\n\n<h3>Selected Publications<\/h3>\n<p>(A complete list of internal publications can be found <a href=\"https:\/\/www.fz-juelich.de\/en\/er-c\/er-c-3\/publications\" target=\"_blank\" rel=\"noopener\"><strong>here<\/strong><\/a>.)<\/p>\n<p><strong>Khorshid, S., Baumeister, J., De Lorenzi, F., Tiboni, M., Elsafy, S., Motta, A., Nucci, A., von Stillfried, S., Chatain, N., Kiessling, F., Koschmieder, S., Lammers, T., Casettari, L. &amp; Sofias, A. M.\u00a0<\/strong>Designing and modeling nanomedicines towards image-guided drug delivery in hematological malignancies.\u00a0<em>J. Control. Release\u00a0113932\u00a0(2025).\u00a0<\/em><u><a href=\"https:\/\/doi.org\/10.1016\/j.jconrel.2025.113932\" target=\"_blank\" rel=\"noopener\">https:\/\/doi.org\/10.1016\/j.jconrel.2025.113932<\/a><\/u><\/p>\n<p><strong>Mihyar, R., Shalmani, A. A., Wildt, V., Sheybanifard, M., Wang, A., May, J. N., Shahzad, S., Buhl, E. M., R\u00fctten, S., Behrens, D., Walther, W., Tiboni, M., Casettari, L., Buyel, J. F., Rijcken, C. J. F., Hennink, W. E., von Stillfried, S., Kiessling, F., Shi, Y., Metselaar, J. M., \u2026 Pe\u00f1a, Q.<\/strong>\u00a0Microfluidic formulation, cryoprotection and long-term stability of paclitaxel-loaded \u03c0 electron-stabilized polymeric micelles.\u00a0<em>J Control Release. 2024;375:614-626.<\/em> doi:10.1016\/j.jconrel.2024.08.041\u00a0<\/p>\n<p><strong>Schmidt, J. J., Brandenburg, V. B., Elders, H., Shahzad, S., Sch\u00e4kermann, S., Fiedler, R., Knoke, L. R., Pf\u00e4nder, Y., Dietze, P., Bille, H., G\u00e4rtner, B., Albin, L. J., Leichert, L. I., Bandow, J. E., Hofmann, E., &amp; Narberhaus, F. <\/strong>Two redox-responsive LysR-type transcription factors control the oxidative stress response of Agrobacterium tumefaciens.\u00a0<em>Nucleic Acids Res. 2025;53(6):gkaf267.<\/em> doi:10.1093\/nar\/gkaf267<\/p>\n<p><strong>Henderikx, R. J. M., Mann, D., Domanska, A., Dong, J., Shahzad, S., Lak, B., Filopoulou, A., Ludig, D., Grininger, M., Momoh, J., Laanto, E., Oksanen, H. M., Bisikalo, K., Williams, P. A., Butcher, S. J., Peters, P. J. &amp; Beulen, B. W. A. M. M.<\/strong>\u00a0VitroJet: new features and case studies\u00a0<em>Acta Cryst. D80 (2024).<\/em> <a href=\"https:\/\/doi.org\/10.1107\/S2059798324001852\" target=\"_blank\" rel=\"noopener\">https:\/\/doi.org\/10.1107\/S2059798324001852<\/a><\/p>\n<p><strong>Henderikx, R. J. M., Schotman, M. J. G., Shahzad, S., Fromm, S. A., Mann, D., Hennies, J., Heidler, T. V., Ashtiani, D., Hagen, W. J. H., Jeurissen, R. J. M., Mattei, S., Peters, P. J., Sachse, C., &amp; Beulen, B. W. A. M. M.<\/strong>\u00a0Ice thickness control and measurement in the VitroJet for time-efficient single particle structure determination.\u00a0<em>J Struct Biol. 2024;216(4):108139.<\/em> doi:10.1016\/j.jsb.2024.108139<\/p>\n<p><strong>de Witt,\u00a0J.,\u00a0Molitor,\u00a0R.,\u00a0G\u00e4tgens,\u00a0J.,\u00a0Ortmann de Percin Northumberland,\u00a0C.,\u00a0Kruse,\u00a0L.,\u00a0Polen,\u00a0T.\u00a0et al.<\/strong> \u00a0Biodegradation of poly(ester-urethane) coatings by\u00a0Halopseudomonas formosensis.\u00a0<em>Microbial Biotechnology,\u00a017, e14362.\u00a0(2024).<\/em>\u00a0<a href=\"https:\/\/doi.org\/10.1111\/1751-7915.14362\" target=\"_blank\" rel=\"noopener\">https:\/\/doi.org\/10.1111\/1751-7915.14362<\/a><\/p>\n<p><strong>Bitzenhofer,\u00a0N.L.,\u00a0H\u00f6fel,\u00a0C.,\u00a0Thies,\u00a0S.,\u00a0Weiler,\u00a0A.J.,\u00a0Eberlein,\u00a0C.,\u00a0Heipieper,\u00a0H.J.\u00a0et al. \u00a0<\/strong>Exploring engineered vesiculation by\u00a0Pseudomonas putida\u00a0KT2440 for natural product biosynthesis.\u00a0<em>Microbial Biotechnology,\u00a017, e14312.\u00a0(2024).<\/em>\u00a0<u><a href=\"https:\/\/doi.org\/10.1111\/1751-7915.14312\" target=\"_blank\" rel=\"noopener\">https:\/\/doi.org\/10.1111\/1751-7915.14312<\/a><\/u><\/p>\n<p><strong>Zielinski, M., Peralta Reyes, F.S., Gremer, L.\u00a0<em>et al.<\/em>\u00a0<\/strong>Cryo-EM of A\u03b2 fibrils from mouse models find tg-APPArcSwe\u00a0fibrils resemble those found in patients with sporadic Alzheimer\u2019s disease.\u00a0<em>Nat Neurosci\u00a026, 2073\u20132080 (2023).\u00a0<\/em><u><a href=\"https:\/\/doi.org\/10.1038\/s41593-023-01484-4\" target=\"_blank\" rel=\"noopener\">https:\/\/doi.org\/10.1038\/s41593-023-01484-4<\/a><\/u><\/p>\n<div class=\"wp-block-spacer\" aria-hidden=\"true\">\u00a0<\/div>\n\n\n<div\n\t\t\t\n\t\t\tclass=\"so-widget-sow-headline so-widget-sow-headline-default-56b2594ae950\"\n\t\t\t\n\t\t><div class=\"sow-headline-container \">\n\t\t\t\t\t\t<div class=\"decoration\">\n\t\t\t\t\t\t<div class=\"decoration-inside\"><\/div>\n\t\t\t\t\t<\/div>\n\t\t\t\t\t<\/div>\n<\/div>","protected":false},"excerpt":{"rendered":"<p>The Ernst Ruska-Centre cryo-EM user facility is offering technical and scientific support to our academic and industrial users in EM methodologies. We provide access to the complete pipeline from sample preparation to image acquisition on state-of-the-art cryo-Electron microscopes. Experienced users can operate the devices with minimal supervision and we will also teach and train new users to be independent. Some of the typical application cases are listed below. Reach out to us for more information.<\/p>\n","protected":false},"author":2,"featured_media":6153,"parent":6046,"menu_order":0,"comment_status":"closed","ping_status":"closed","template":"page-templates\/pagebuilder.php","meta":{"_themeisle_gutenberg_block_has_review":false,"footnotes":""},"class_list":["post-6211","page","type-page","status-publish","has-post-thumbnail","hentry"],"_links":{"self":[{"href":"https:\/\/er-c.org\/index.php\/wp-json\/wp\/v2\/pages\/6211","targetHints":{"allow":["GET"]}}],"collection":[{"href":"https:\/\/er-c.org\/index.php\/wp-json\/wp\/v2\/pages"}],"about":[{"href":"https:\/\/er-c.org\/index.php\/wp-json\/wp\/v2\/types\/page"}],"author":[{"embeddable":true,"href":"https:\/\/er-c.org\/index.php\/wp-json\/wp\/v2\/users\/2"}],"replies":[{"embeddable":true,"href":"https:\/\/er-c.org\/index.php\/wp-json\/wp\/v2\/comments?post=6211"}],"version-history":[{"count":98,"href":"https:\/\/er-c.org\/index.php\/wp-json\/wp\/v2\/pages\/6211\/revisions"}],"predecessor-version":[{"id":10651,"href":"https:\/\/er-c.org\/index.php\/wp-json\/wp\/v2\/pages\/6211\/revisions\/10651"}],"up":[{"embeddable":true,"href":"https:\/\/er-c.org\/index.php\/wp-json\/wp\/v2\/pages\/6046"}],"wp:featuredmedia":[{"embeddable":true,"href":"https:\/\/er-c.org\/index.php\/wp-json\/wp\/v2\/media\/6153"}],"wp:attachment":[{"href":"https:\/\/er-c.org\/index.php\/wp-json\/wp\/v2\/media?parent=6211"}],"curies":[{"name":"wp","href":"https:\/\/api.w.org\/{rel}","templated":true}]}}